*3 - 24*h**2 + 5*h. What is the units digit of l(19)?
1
Let p(y) = 18203*y + 31. What is the ten thousands digit of p(1)?
1
Suppose -8*j = -4*j - 4*n - 36, 4*j - 5*n - 41 = 0. Suppose -648 + 3076 = 4*p - j*z, 0 = 3*p - 2*z - 1824. What is the tens digit of p?
1
Let b = 91 - 155. Let w = b - -181. What is the units digit of w + (2 - 4) + 1?
6
Suppose 0 = 5*p + 4*b - 13, -16*p + 13*p - 5*b = -13. What is the units digit of ((-20)/(-12))/(p/447)?
5
Let s = -11757 - -14353. What is the tens digit of s?
9
Suppose 42*k - 52*k = -140. What is the units digit of k/(1672/(-278) + 6)*-1?
3
What is the tens digit of 1*(-12)/(-8)*(-10)/15*-3605?
0
Let d be (-43)/(-43)*0/(1*-2). Let i be (42/(-4) + d)*(4 - 2). Let h(o) = o**3 + 22*o**2 + 19*o - 24. What is the units digit of h(i)?
8
Let f = 4626 - 2274. What is the units digit of f?
2
Suppose -5*p = -3*f - 0 - 83, 3*f = -3. What is the hundreds digit of (p/10)/((-7)/(-3535))?
8
Let h be (-5 + 12/4)/((-6)/(-9)). What is the tens digit of h + 8 - (-25 + 10)?
2
Let f(g) = g**2. Let y be f(4). Let v = -15 + y. What is the units digit of (207/54)/(v/6)?
3
Let r = 1167 + -129. Let p = 686 - r. Let x = p + 556. What is the hundreds digit of x?
2
Suppose 312*a - 4*z = 317*a - 240796, -3*a + 2*z = -144460. What is the ten thousands digit of a?
4
Suppose 22*x = 26*x - 7768. Suppose -6*n + x - 508 = 0. What is the hundreds digit of n?
2
What is the thousands digit of 2880/160 + 14056 + -2?
4
Let z(m) = 6*m**2 - 120*m - 32. Let a be z(28). Let h = a - 72. What is the tens digit of h?
4
Let x(p) = 153*p - 1889. Let w be x(13). Suppose 2*j - 4 = 0, a - 3*j + 4*j = 126. Suppose s - 43 = -q, 0 = -5*q - 2*s + w + a. What is the tens digit of q?
4
Let h(s) = s**3 + 12*s**2 + 16*s + 1. Suppose 165 = -t + 156. What is the hundreds digit of h(t)?
1
Let u = 1408 - 989. Let c = u + -320. What is the units digit of c?
9
Let q(v) = 49*v**3 - v**2 + 2*v + 16. Let g be q(4). Let b be (g/(-10) - -2) + (-6)/(-15). What is the hundreds digit of b/9*(-3 - 0)?
1
Suppose -4*g + 108*a - 103*a = -34642, -5*a - 10 = 0. What is the thousands digit of g?
8
Let d(y) = -16*y**3 - 2*y - 2. Let u be d(-1). Let c(b) = -52*b + 10. Let s be c(-2). Let z = s + u. What is the hundreds digit of z?
1
Let v(i) = 10*i**2 - 34*i + 7. Let l(d) = 5*d**2 + 10*d - 3. Let n be l(-3). What is the tens digit of v(n)?
3
Suppose 8*x = -4518 - 1610. Let s = x - -1401. What is the tens digit of s?
3
Let j be 0*(5/(-2))/(-5). Let r be 102*(176/(-12))/11. What is the hundreds digit of (j/3 - -1)/(-1) - r?
1
Suppose -8*y + 10*y = -10. Let h be 10/5*y/(-2). Suppose -5*b = h*z - 200, -2*z - 2*z = b - 154. What is the units digit of z?
8
Suppose w - 20 = -4*h + 1, 2*w = h + 6. Suppose -h*o - 6 = -7*o. Suppose o*y = 145 + 165. What is the units digit of y?
5
Let r = 2186 + -553. Suppose -7*y + 7667 - r = 0. What is the tens digit of y?
6
Let x = 35759 - 5628. What is the units digit of x?
1
Suppose 9*i = -2*i - 99. Let c be i/(-7) + (-16)/56. What is the tens digit of -4 + c + (68 - 0)?
6
Suppose -5*f = 4*f - 9. Suppose -5*q - 19 = 4*m, -4*q = -4*m - 3*q - f. What is the units digit of 48*(m/(-4))/(1/10)?
0
Let s(u) = 10*u + 73. Let z(c) = -10*c - 71. Let d(h) = -3*s(h) - 4*z(h). What is the units digit of d(5)?
5
What is the hundreds digit of 129009/19 - (-97)/1843?
7
Suppose 6*x - 289 = 1151. Let f = 398 - x. What is the tens digit of f?
5
Suppose 0 = -3*o - 2901 + 7821. Suppose -2*x + 2467 = x - 4*k, -2*x + o = -5*k. Suppose 80 + x = 5*i. What is the hundreds digit of i?
1
Suppose 41*f - 72631 - 35732 = 0. Let a = f - 1230. What is the tens digit of a?
1
Let z(g) = 212*g**2 - 310*g + 620. What is the tens digit of z(2)?
4
Suppose l - 5*s = 22681, -1024*l + 1029*l - 113509 = -s. What is the hundreds digit of l?
7
Let j = 1852 + 4933. What is the units digit of j?
5
Suppose -4*n - 6*i + 5*i + 132560 = 0, 5*i + 99397 = 3*n. Suppose 16*y = -15*y + n. What is the tens digit of y?
6
Suppose 0 = 1152*w - 1144*w - 32. Suppose 0 = w*f - 5*g - 3012, -5*f + 0*f = 2*g - 3732. What is the hundreds digit of f?
7
Let y = 971 + -577. What is the tens digit of y?
9
Suppose 4*m - m - 930 = 0. Let k = m - 175. Suppose 0*a - 5*a = -5*u - k, 0 = a - 3*u - 33. What is the units digit of a?
4
Let j = 76 - 73. Suppose 0 = -b + 2*b + j*c - 11, 5*b - 42 = -2*c. What is the tens digit of (b/20)/((-1)/(-270))?
0
Let l = 4479 - -2679. What is the hundreds digit of l?
1
Suppose -26*l + 13895 = -50729 - 79182. What is the thousands digit of l?
5
Suppose 55*g - 53*g = 5*w - 111585, -2*g - 22325 = -w. What is the hundreds digit of w?
3
Let u(w) = -w**3 - 18*w**2 + 2*w + 30. Let m be u(-18). Let c(y) = -24*y + 3. What is the hundreds digit of c(m)?
1
What is the ten thousands digit of (-815)/(-326) - (-114273)/6?
1
Let t(k) = -k + 11. Let y be t(8). Suppose 2*r = 3*i + 14, -y*i = -0*r + r + 2. What is the units digit of i*((-1)/4 - 14/8)?
4
Let g(z) = -2*z**2 - 10*z - 10. Let s be g(-4). Suppose -5*c = 3*j - 5007, -4*c + 4008 = -0*j + 3*j. What is the tens digit of s/8 + c/12?
8
Let j(s) = 29*s**3 - 8*s**2 + 23*s + 51. What is the tens digit of j(7)?
6
What is the thousands digit of ((-4 - -5) + 1)*96592/32?
6
Let j = 54287 + 18210. What is the hundreds digit of j?
4
Suppose 41*n + 40543 - 625572 = 0. What is the ten thousands digit of n?
1
Suppose 3*i = 2*v + 36822, 3*v + 7582 = i - 4685. Suppose 9*b = 441 + i. What is the thousands digit of b?
1
Let h be 8/(-20) + (-24)/(-10). Let g(w) = 2*w**3 + 4*w**2 - w - 5. Let x be g(4). Suppose 0 = h*f - 3*d - 62, d + 73 = -4*f + x. What is the units digit of f?
8
Let q(s) = 18*s**2 - 43*s - 160. What is the thousands digit of q(26)?
0
Let t(h) = -2*h**3 - 45*h**2 - 386*h + 89. What is the hundreds digit of t(-18)?
1
Let l = 370 + -355. Suppose 0 = l*m - 2598 - 2847. What is the tens digit of m?
6
Let j(z) = -2*z - 3. Let t be j(-2). Suppose t = -3*o + 16. Suppose o = -2*f + 11. What is the units digit of f?
3
Let n be (-6)/8 + 176/64. Suppose 4*j - n*j = 8. Suppose 0 = j*g - 7*g + 111. What is the units digit of g?
7
Let g be (-158)/(-14) + 8/(-28). Let a be (2 - 4) + g + (-4 - -2). Suppose 0 = -a*b + 650 + 778. What is the hundreds digit of b?
2
Suppose -6*x = x - 1981. Suppose -3*s + 2*k + 72 = -x, 4*s = k + 465. What is the hundreds digit of s?
1
Suppose x = -i + 5, 14*i + 12 = 2*x + 17*i. Suppose 2*a - 2405 = -x*p, -4*a = 5*p - 2279 - 1732. What is the hundreds digit of p?
7
Suppose -13*p - 1240 - 229 = 0. Let l = 19 - -183. Let i = l + p. What is the tens digit of i?
8
What is the tens digit of ((-16)/(-6))/(19 + 12171236/(-640596))?
1
Let x(d) = -2*d**2 + 6*d - 16. Let m be x(5). What is the hundreds digit of ((-283)/(-2))/((-18)/m)?
2
Let x(p) = 55*p**2 + p + 1. Let n be x(3). Let i = n + -223. What is the hundreds digit of i?
2
Let i = -1198 + 15931. What is the tens digit of i?
3
Let t(o) = o**2 - 9*o + 17. Let g be t(7). Suppose -244 - 467 = g*w. Let c = 452 + w. What is the units digit of c?
5
Let p = 49 - 38. Let b = 17 + -19. Let f = b + p. What is the units digit of f?
9
Suppose -o - 37 = -3*s - 1, 4*s = -5*o + 48. Suppose -v + s = 5. Let y(z) = 2*z**3 - 7*z**2 - 17*z. What is the hundreds digit of y(v)?
2
Suppose -2*l - t - 30 - 32 = 0, 0 = l - 4*t + 22. What is the tens digit of (l/(-24))/(-3 + (-1875)/(-624))?
6
Let z(i) = 16*i + 59. Let q(l) = -8*l - 29. Let n(c) = 5*q(c) + 2*z(c). Let w = -699 + 688. What is the units digit of n(w)?
1
Let t = 10 - 10. Suppose 3*g + 9 = -11*k + 7*k, t = -2*k. What is the tens digit of (3 - -1)*g*(-84)/9?
1
Let k = -7288 + 27151. What is the ten thousands digit of k?
1
Suppose -291 + 231 = 10*i. Let h = 399 - i. What is the hundreds digit of h?
4
Suppose 356*q - 5*u - 9172 = 355*q, 3*q - 27552 = 3*u. What is the units digit of q?
7
What is the hundreds digit of (-4)/(-14)*(-686116)/(-8) + 12/14?
5
Let r(i) = 3*i + 122. Let m be r(-38). What is the units digit of 571/1 + (-8)/m?
0
Let a(s) = -258*s + 311. Let o(f) = 389*f - 467. Let y(r) = 7*a(r) + 5*o(r). What is the units digit of y(6)?
6
Suppose 0 = -883*j + 880*j + 25842. What is the thousands digit of j?
8
Let h be (-20)/(-14)*(55 + 36). What is the hundreds digit of 4/10 - (-74958)/h?
5
Let n(q) = q - 90. Let z be n(18). Let p = z + 264. What is the te